s the highest common factor of h and 4?
2
Let s = 5 + -4. Calculate the greatest common divisor of s and 1.
1
Suppose -3*t + 5*t - 32 = 0. Suppose -2*a - 6 = -5*a. Calculate the greatest common divisor of a and t.
2
Let b(q) = q**3 + 3*q**2 - 4*q. Let o be b(-3). Let h be (-2 + (-15)/4)*-12. Let p be (-2)/(-4) - h/(-6). Calculate the greatest common factor of p and o.
12
Suppose -2*f - 5*d = -22, -f + 0*f = -d + 3. Suppose 17 = s - 4*b, 4*s + 3*b - f = -9. What is the highest common factor of 1 and s?
1
Let y(p) = -18*p. Let j be y(-3). Let o = 14 + -8. Calculate the greatest common divisor of j and o.
6
Suppose 0 = -3*s - h + 37, 0*s - 3*s + 39 = 3*h. Calculate the highest common factor of s and 18.
6
Let l(d) = -d**2 + 11*d - 9. Let f be l(9). Suppose -2*g - 4*k = f - 33, -3*k = 2*g - 25. Calculate the highest common factor of 98 and g.
14
Let k = 113 - 23. What is the highest common divisor of k and 18?
18
Let m be 30*(1 - 2 - -7). Calculate the highest common divisor of m and 20.
20
Let q(c) = 2*c + 3. Let n(w) = w**2 + 5*w + 5. Let o be n(-5). Let d be q(o). Suppose -d = -5*s + 42. What is the highest common factor of s and 88?
11
Let i = 0 - -6. What is the greatest common divisor of 6 and i?
6
Let f = -12 + 45. Let p(k) = k**3 - 3*k**2 + 2*k - 2. Let v be p(3). Suppose -4*o = -v*y - 3 + 11, o = 4*y - 11. Calculate the highest common factor of y and f.
3
Let w(f) = f**3 - 7*f**2 - 4*f + 8. Let y be w(8). Suppose l = -3*l + 5*n + 74, 0 = 5*l - 3*n - 86. What is the highest common factor of l and y?
8
Suppose -518 = -5*w - 38. Let h be (3 - 4)*-3*4. Calculate the greatest common factor of h and w.
12
Let f = 237 - 123. Suppose -4*g = -5*z - f, 3*z - z = -g + 22. Calculate the greatest common divisor of 65 and g.
13
Let z be (38/4)/((-1)/(-2)). Suppose 7*v - 3*v = -u + 3, -5*u + 4*v - 57 = 0. Let h = u + z. What is the highest common factor of h and 10?
10
Let w(d) = -26*d. Let g be w(-1). What is the greatest common divisor of 104 and g?
26
Let l(b) = b**3 + 6*b**2 - 3*b - 3. Let f be l(-6). Let z be 21/f + 3/5. Suppose z = 2*p - 16. What is the highest common divisor of 45 and p?
9
Let s = -8 + 13. Suppose -3*k - s*t = -0*t - 68, 3*k - 36 = 3*t. Suppose 2*o = 3*o - k. What is the highest common factor of 16 and o?
16
Let n(c) = -2*c + 24. Let i be n(-8). Let x = 14 - -86. Calculate the greatest common divisor of i and x.
20
Let g(t) = -t**3 + 2*t**2 - 2. Let y be g(-2). Suppose 636 = 5*n + 3*m, n + 5*m - 53 - 83 = 0. What is the greatest common factor of y and n?
14
Let o(f) = -f**2 + 1. Let c be o(0). Let r = 18 + -12. Suppose 5*b - 5*m - 60 = 0, r = -4*b + 3*m + 53. Calculate the highest common factor of b and c.
1
Let x(c) = 2*c - 5. Let u be x(6). Let a = u - 4. Suppose 0*z - a*z - 2*r = -136, -3*z - 4*r = -134. What is the highest common divisor of z and 69?
23
Let n(g) = -2*g - 4. Let f be n(-3). Suppose -f*s - s = -12. Let k be (-1 + 2)/(11/484). Calculate the greatest common divisor of k and s.
4
Let r(a) = a**3 - 19*a**2 - 2*a + 41. Let g be r(19). Calculate the highest common divisor of g and 33.
3
Let o be ((-75)/(-50))/((-2)/(-8)). Let s(y) = 7*y - 4. Let f be s(4). What is the greatest common divisor of o and f?
6
Let n be 4*(0 + 3/2). Let r(o) = 5*o + o**2 - 5 + 4 + n. Let u be r(-6). Calculate the greatest common factor of u and 55.
11
Let m = 67 - -13. Suppose 0*a - m = -4*a. Let p be (-1 - -1) + 5 + -1. What is the greatest common divisor of a and p?
4
Suppose 6*v = v + 2*p - 58, 4*v + 24 = -4*p. Let r be (-12)/v*(-20)/(-6). Calculate the greatest common factor of r and 16.
4
Let z = -27 + 47. Let q be 28/21*(-15)/(-2). What is the greatest common factor of z and q?
10
Let l(m) = 6*m**2 + m - 1. Suppose 2*t + 6*g = 3*g + 14, 3*g = 5*t + 7. Let y be l(t). Calculate the highest common divisor of 6 and y.
6
Let s be (-9)/3 + (-7 - -4). Let i be 12/s + 18/1. What is the greatest common factor of 8 and i?
8
Let r be 0/(-5) - (-7 + 1). Let h be 0*(-1 + 9/r). Let f be 12/(-1 - -2) + h. What is the highest common divisor of f and 8?
4
Let o = -37 - -55. Calculate the highest common factor of 30 and o.
6
Suppose s + 4 - 6 = 0. Suppose -s*o + 6 = -34. Calculate the highest common divisor of 10 and o.
10
Let s(j) = j**3 + 2*j**2 + 2*j - 4. Let f be s(4). Calculate the greatest common factor of f and 20.
20
Suppose 16*v - 280 = 8*v. Calculate the greatest common factor of 7 and v.
7
Let w be (-198)/(-45) + (-3)/(-5). Let x(q) = 2*q**2 + q - 1. Let o be x(w). What is the greatest common factor of o and 6?
6
Suppose -4*f - j + 36 = 15, -5*f + 4*j + 42 = 0. Let t = 52 - 34. What is the highest common factor of t and f?
6
Let r(y) = 6*y - 12. Let g be r(6). Calculate the highest common divisor of g and 72.
24
Suppose -3*m - 5*n + 70 = 0, 4*n + 40 = 4*m - 64. What is the greatest common factor of 25 and m?
25
Suppose -4*a - 198 = -10*a. Calculate the greatest common divisor of a and 363.
33
Let c be 13/(-3 - -7 - 2)*28. What is the highest common factor of c and 14?
14
Let o(s) = -2*s**3 + 10*s**2 + 3*s - 11. Let m(w) = w**3 - 1. Let g(j) = m(j) + o(j). Let r be g(10). What is the greatest common divisor of r and 45?
9
Let b be (-44)/(-3) - (-2)/(-3). Let n = 316 + -190. What is the highest common factor of n and b?
14
Let j be 12/3 + 1 + 1. Let l = 8 - j. What is the highest common divisor of l and 3?
1
Let h(o) = 3*o**3 + o. Let b be h(-1). Let l be (14/b)/((-1)/2). Suppose l*z - 3*z - 96 = 0. Calculate the greatest common divisor of z and 60.
12
Suppose 0 = -5*c + 2*r - 14, -c - 10 = -2*r + 4*r. Let l be 24/(-18)*30/c. What is the greatest common factor of l and 90?
10
Suppose 2*l + 19 = -15. Let o be (-2)/8 + l/(-4). Suppose -5*t + 8 = -4*i, 29 = 5*t + 4*i - 3. Calculate the highest common divisor of o and t.
4
Let u(o) = o - 2. Let h be u(3). What is the highest common factor of h and 11?
1
Let f(q) = q**2 + 6*q + 5. Let n be f(-6). Suppose 5*k - 15 = 3*k - 5*w, -2*k + 33 = -w. What is the highest common factor of n and k?
5
Let f be -1 + -1 - (-16)/2. Let q = 8 - -46. Suppose -5*x = -5*w - q + 9, -2*x - w + 9 = 0. Calculate the highest common divisor of f and x.
6
Suppose 0 = -3*f - 2*j + 16 - 5, 4 = 3*f - 5*j. What is the greatest common factor of f and 24?
3
Let o = 25 - 18. Let u = 85 + -49. Let c be (o/(-4))/((-3)/u). Calculate the greatest common divisor of c and 3.
3
Let i be 3/(-6) + (-129)/(-2). Let z = -24 + i. Let j = 4 + 1. What is the highest common divisor of z and j?
5
Let z be ((-624)/(-10) - (-8)/(-20)) + -2. Calculate the highest common divisor of z and 90.
30
Suppose -2*a + 2 = 5*o - 3*o, 19 = -a - 5*o. Calculate the greatest common divisor of a and 24.
6
Let u(x) = 2*x**2 - x - 3. Let g be u(8). Let l(v) = -26*v + 1. Let i be l(1). Let y = -12 - i. What is the greatest common divisor of g and y?
13
Let a(r) = 58*r - 7. Let i be a(4). Suppose 0 = 2*d + h - i, h + 540 = 5*d - h. Calculate the highest common factor of d and 10.
10
Let n = 36 - -4. What is the greatest common factor of 60 and n?
20
Suppose 6 = b - 0*b. Suppose -4*k - 3*n + b*n = -24, -3*k + 18 = -3*n. Calculate the highest common factor of k and 66.
6
Let y be (-303)/15 + (-2)/(-10). Let p be 24/10*y/(-6). Calculate the greatest common factor of p and 8.
8
Suppose 3*f - f - 76 = -4*k, 3*f - 2*k = 82. Calculate the highest common divisor of f and 165.
15
Let j = -29 - -71. What is the greatest common factor of 28 and j?
14
Suppose -4*c - 4*j + 272 = 0, -3*c + 2*j = -2*j - 190. Calculate the highest common factor of c and 6.
6
Let j be 79 - -10*2/4. What is the greatest common factor of 7 and j?
7
Let j = -64 + 73. What is the greatest common factor of j and 99?
9
Let y(r) = -r**2 - 17*r - 27. Let j be y(-15). What is the highest common divisor of j and 6?
3
Let h(w) = -2*w - 3. Let z be h(-2). What is the highest common factor of z and 5?
1
Let s(d) = 5*d**3 - 5*d**2 + 7*d + 1. Let k be s(3). Calculate the greatest common divisor of k and 280.
56
Suppose j - 2*t = 3 + 20, 25 = 3*j + 5*t. What is the greatest common divisor of j and 105?
15
Let b be (-47)/(-3) + 8 + 104/(-12). Let h be 0 + 0 + 105 + 0. What is the highest common divisor of b and h?
15
Let k(v) = v**3 + 12*v**2 + 3. Let u be k(-12). Calculate the greatest common divisor of u and 1.
